[INFO] cloning repository https://github.com/Darktrop/hdfs-cli
[INFO] running `Command { std: "git" "-c" "credential.helper=" "-c" "credential.helper=/workspace/cargo-home/bin/git-credential-null" "clone" "--bare" "https://github.com/Darktrop/hdfs-cli" "/workspace/cache/git-repos/https%3A%2F%2Fgithub.com%2FDarktrop%2Fhdfs-cli", kill_on_drop: false }`
[INFO] [stderr] Cloning into bare repository '/workspace/cache/git-repos/https%3A%2F%2Fgithub.com%2FDarktrop%2Fhdfs-cli'...
[INFO] running `Command { std: "git" "rev-parse" "HEAD", kill_on_drop: false }`
[INFO] [stdout] c14058ec9e4efd62efe2bf5c85502f6419621342
[INFO] checking Darktrop/hdfs-cli against master#e6e4f7ed1589e03bc2f6c5931c1a72e7947e8682 for beta-170-4
[INFO] running `Command { std: "git" "clone" "/workspace/cache/git-repos/https%3A%2F%2Fgithub.com%2FDarktrop%2Fhdfs-cli" "/workspace/builds/worker-0-tc2/source", kill_on_drop: false }`
[INFO] [stderr] Cloning into '/workspace/builds/worker-0-tc2/source'...
[INFO] [stderr] done.
[INFO] validating manifest of git repo https://github.com/Darktrop/hdfs-cli on toolchain e6e4f7ed1589e03bc2f6c5931c1a72e7947e8682
[INFO] running `Command { std: CARGO_HOME="/workspace/cargo-home" RUSTUP_HOME="/workspace/rustup-home" "/workspace/cargo-home/bin/cargo" "+e6e4f7ed1589e03bc2f6c5931c1a72e7947e8682" "metadata" "--manifest-path" "Cargo.toml" "--no-deps", kill_on_drop: false }`
[INFO] started tweaking git repo https://github.com/Darktrop/hdfs-cli
[INFO] finished tweaking git repo https://github.com/Darktrop/hdfs-cli
[INFO] tweaked toml for git repo https://github.com/Darktrop/hdfs-cli written to /workspace/builds/worker-0-tc2/source/Cargo.toml
[INFO] running `Command { std: CARGO_HOME="/workspace/cargo-home" RUSTUP_HOME="/workspace/rustup-home" __CARGO_TEST_CHANNEL_OVERRIDE_DO_NOT_USE_THIS="nightly" "/workspace/cargo-home/bin/cargo" "+e6e4f7ed1589e03bc2f6c5931c1a72e7947e8682" "generate-lockfile" "--manifest-path" "Cargo.toml" "-Zno-index-update", kill_on_drop: false }`
[INFO] running `Command { std: CARGO_HOME="/workspace/cargo-home" RUSTUP_HOME="/workspace/rustup-home" "/workspace/cargo-home/bin/cargo" "+e6e4f7ed1589e03bc2f6c5931c1a72e7947e8682" "fetch" "--manifest-path" "Cargo.toml", kill_on_drop: false }`
[INFO] running `Command { std: "docker" "create" "-v" "/var/lib/crater-agent-workspace/builds/worker-0-tc2/target:/opt/rustwide/target:rw,Z" "-v" "/var/lib/crater-agent-workspace/builds/worker-0-tc2/source:/opt/rustwide/workdir:ro,Z" "-v" "/var/lib/crater-agent-workspace/cargo-home:/opt/rustwide/cargo-home:ro,Z" "-v" "/var/lib/crater-agent-workspace/rustup-home:/opt/rustwide/rustup-home:ro,Z" "-e" "SOURCE_DIR=/opt/rustwide/workdir" "-e" "CARGO_TARGET_DIR=/opt/rustwide/target" "-e" "CARGO_HOME=/opt/rustwide/cargo-home" "-e" "RUSTUP_HOME=/opt/rustwide/rustup-home" "-w" "/opt/rustwide/workdir" "-m" "1610612736" "--user" "0:0" "--network" "none" "ghcr.io/rust-lang/crates-build-env/linux@sha256:19e73879b68f455e41552ea35293514db52ea292d993f571636dbffedb77a1ee" "/opt/rustwide/cargo-home/bin/cargo" "+e6e4f7ed1589e03bc2f6c5931c1a72e7947e8682" "metadata" "--no-deps" "--format-version=1", kill_on_drop: false }`
[INFO] [stdout] f17d89c226e7d6aa4e50db6ff0e462be50c092cc93fe1608e819fac64c8e2e68
[INFO] running `Command { std: "docker" "start" "-a" "f17d89c226e7d6aa4e50db6ff0e462be50c092cc93fe1608e819fac64c8e2e68", kill_on_drop: false }`
[INFO] running `Command { std: "docker" "inspect" "f17d89c226e7d6aa4e50db6ff0e462be50c092cc93fe1608e819fac64c8e2e68", kill_on_drop: false }`
[INFO] running `Command { std: "docker" "rm" "-f" "f17d89c226e7d6aa4e50db6ff0e462be50c092cc93fe1608e819fac64c8e2e68", kill_on_drop: false }`
[INFO] [stdout] f17d89c226e7d6aa4e50db6ff0e462be50c092cc93fe1608e819fac64c8e2e68
[INFO] running `Command { std: "docker" "create" "-v" "/var/lib/crater-agent-workspace/builds/worker-0-tc2/target:/opt/rustwide/target:rw,Z" "-v" "/var/lib/crater-agent-workspace/builds/worker-0-tc2/source:/opt/rustwide/workdir:ro,Z" "-v" "/var/lib/crater-agent-workspace/cargo-home:/opt/rustwide/cargo-home:ro,Z" "-v" "/var/lib/crater-agent-workspace/rustup-home:/opt/rustwide/rustup-home:ro,Z" "-e" "SOURCE_DIR=/opt/rustwide/workdir" "-e" "CARGO_TARGET_DIR=/opt/rustwide/target" "-e" "CARGO_INCREMENTAL=0" "-e" "RUST_BACKTRACE=full" "-e" "RUSTFLAGS=--cap-lints=forbid" "-e" "RUSTDOCFLAGS=--cap-lints=forbid" "-e" "CARGO_HOME=/opt/rustwide/cargo-home" "-e" "RUSTUP_HOME=/opt/rustwide/rustup-home" "-w" "/opt/rustwide/workdir" "-m" "1610612736" "--user" "0:0" "--network" "none" "ghcr.io/rust-lang/crates-build-env/linux@sha256:19e73879b68f455e41552ea35293514db52ea292d993f571636dbffedb77a1ee" "/opt/rustwide/cargo-home/bin/cargo" "+e6e4f7ed1589e03bc2f6c5931c1a72e7947e8682" "check" "--frozen" "--all" "--all-targets" "--message-format=json", kill_on_drop: false }`
[INFO] [stdout] df72e7d5cc428ea3011ca7263d2245d8dafb94a4bf09035988e29083e151c898
[INFO] running `Command { std: "docker" "start" "-a" "df72e7d5cc428ea3011ca7263d2245d8dafb94a4bf09035988e29083e151c898", kill_on_drop: false }`
[INFO] [stderr]    Compiling libc v0.2.144
[INFO] [stderr]    Compiling proc-macro2 v1.0.59
[INFO] [stderr]    Compiling memchr v2.5.0
[INFO] [stderr]    Compiling unicode-ident v1.0.9
[INFO] [stderr]    Compiling quote v1.0.28
[INFO] [stderr]    Compiling syn v1.0.109
[INFO] [stderr]    Compiling log v0.4.18
[INFO] [stderr]    Compiling cc v1.0.79
[INFO] [stderr]     Checking gimli v0.27.2
[INFO] [stderr]    Compiling unicode-xid v0.2.4
[INFO] [stderr]     Checking rand_core v0.4.2
[INFO] [stderr]    Compiling failure_derive v0.1.8
[INFO] [stderr]     Checking rustc-demangle v0.1.23
[INFO] [stderr]    Compiling nix v0.11.1
[INFO] [stderr]     Checking miniz_oxide v0.6.2
[INFO] [stderr]     Checking bitflags v1.3.2
[INFO] [stderr]    Compiling gcc v0.3.55
[INFO] [stderr]    Compiling serde v1.0.163
[INFO] [stderr]     Checking encoding_rs v0.8.32
[INFO] [stderr]     Checking rand_core v0.3.1
[INFO] [stderr]     Checking quick-error v1.2.3
[INFO] [stderr]     Checking either v1.8.1
[INFO] [stderr]     Checking regex-syntax v0.7.2
[INFO] [stderr]     Checking humantime v1.3.0
[INFO] [stderr]     Checking glob v0.2.11
[INFO] [stderr]     Checking itertools v0.7.11
[INFO] [stderr]     Checking unicode-width v0.1.10
[INFO] [stderr]     Checking termcolor v1.2.0
[INFO] [stderr]     Checking vec_map v0.8.2
[INFO] [stderr]     Checking textwrap v0.11.0
[INFO] [stderr]     Checking strsim v0.8.0
[INFO] [stderr]     Checking ansi_term v0.12.1
[INFO] [stderr]     Checking yaml-rust v0.3.5
[INFO] [stderr]     Checking walk v0.1.0 (/opt/rustwide/workdir/walk)
[INFO] [stdout] warning: unnecessary trailing semicolon
[INFO] [stdout]    --> walk/src/walk.rs:168:65
[INFO] [stdout]     |
[INFO] [stdout] 168 |                         return Some(Ok(Node::Dir(depth, path)));;
[INFO] [stdout]     |                                                                 ^ help: remove this semicolon
[INFO] [stdout]     |
[INFO] [stdout]     = note: `#[warn(redundant_semicolons)]` on by default
[INFO] [stdout] 
[INFO] [stdout] 
[INFO] [stdout] warning: method `is_recursive` is never used
[INFO] [stdout]    --> walk/src/walk.rs:189:8
[INFO] [stdout]     |
[INFO] [stdout] 95  | impl<'a, T: FileSystem> Walk<'a, T> {
[INFO] [stdout]     | ----------------------------------- method in this implementation
[INFO] [stdout] ...
[INFO] [stdout] 189 |     fn is_recursive(&self) -> bool {
[INFO] [stdout]     |        ^^^^^^^^^^^^
[INFO] [stdout]     |
[INFO] [stdout]     = note: `#[warn(dead_code)]` on by default
[INFO] [stdout] 
[INFO] [stdout] 
[INFO] [stdout] warning: 2 warnings emitted
[INFO] [stdout] 
[INFO] [stdout] 
[INFO] [stderr]    Compiling hdfs v0.1.0 (/opt/rustwide/workdir/hdfs)
[INFO] [stderr]     Checking object v0.30.3
[INFO] [stderr]     Checking aho-corasick v1.0.1
[INFO] [stdout] warning: unused import: `std::env`
[INFO] [stdout]  --> hdfs/build.rs:3:5
[INFO] [stdout]   |
[INFO] [stdout] 3 | use std::env;
[INFO] [stdout]   |     ^^^^^^^^
[INFO] [stdout]   |
[INFO] [stdout]   = note: `#[warn(unused_imports)]` on by default
[INFO] [stdout] 
[INFO] [stdout] 
[INFO] [stderr]    Compiling backtrace v0.3.67
[INFO] [stdout] warning: 1 warning emitted
[INFO] [stdout] 
[INFO] [stdout] 
[INFO] [stderr]    Compiling syn v2.0.18
[INFO] [stderr]     Checking rand v0.5.6
[INFO] [stderr]     Checking atty v0.2.14
[INFO] [stderr]     Checking dirs v1.0.5
[INFO] [stderr]     Checking clap v2.34.0
[INFO] [stderr]     Checking fs_test v0.1.0 (/opt/rustwide/workdir/fs_test)
[INFO] [stderr]     Checking addr2line v0.19.0
[INFO] [stderr]     Checking regex v1.8.3
[INFO] [stderr]    Compiling serde_derive v1.0.163
[INFO] [stderr]    Compiling synstructure v0.12.6
[INFO] [stderr]     Checking toml v0.4.10
[INFO] [stderr]     Checking serde_json v1.0.96
[INFO] [stderr]     Checking env_logger v0.5.13
[INFO] [stdout] warning: unnecessary trailing semicolon
[INFO] [stdout]    --> walk/src/walk.rs:168:65
[INFO] [stdout]     |
[INFO] [stdout] 168 |                         return Some(Ok(Node::Dir(depth, path)));;
[INFO] [stdout]     |                                                                 ^ help: remove this semicolon
[INFO] [stdout]     |
[INFO] [stdout]     = note: `#[warn(redundant_semicolons)]` on by default
[INFO] [stdout] 
[INFO] [stdout] 
[INFO] [stdout] error[E0308]: mismatched types
[INFO] [stdout]    --> walk/src/tests.rs:280:40
[INFO] [stdout]     |
[INFO] [stdout] 280 |     let walkbuilder = WalkBuilder::new(fs);
[INFO] [stdout]     |                       ---------------- ^^ expected `&_`, found `MockFS<'_>`
[INFO] [stdout]     |                       |
[INFO] [stdout]     |                       arguments to this function are incorrect
[INFO] [stdout]     |
[INFO] [stdout]     = note: expected reference `&_`
[INFO] [stdout]                   found struct `MockFS<'_>`
[INFO] [stdout] note: associated function defined here
[INFO] [stdout]    --> walk/src/walk.rs:48:12
[INFO] [stdout]     |
[INFO] [stdout] 48  |     pub fn new(file_system: &T) -> WalkBuilder<T> {
[INFO] [stdout]     |            ^^^ ---------------
[INFO] [stdout] help: consider borrowing here
[INFO] [stdout]     |
[INFO] [stdout] 280 |     let walkbuilder = WalkBuilder::new(&fs);
[INFO] [stdout]     |                                        +
[INFO] [stdout] 
[INFO] [stdout] 
[INFO] [stdout] error[E0308]: mismatched types
[INFO] [stdout]    --> walk/src/tests.rs:302:40
[INFO] [stdout]     |
[INFO] [stdout] 302 |     let walkbuilder = WalkBuilder::new(fs);
[INFO] [stdout]     |                       ---------------- ^^ expected `&_`, found `MockFS<'_>`
[INFO] [stdout]     |                       |
[INFO] [stdout]     |                       arguments to this function are incorrect
[INFO] [stdout]     |
[INFO] [stdout]     = note: expected reference `&_`
[INFO] [stdout]                   found struct `MockFS<'_>`
[INFO] [stdout] note: associated function defined here
[INFO] [stdout]    --> walk/src/walk.rs:48:12
[INFO] [stdout]     |
[INFO] [stdout] 48  |     pub fn new(file_system: &T) -> WalkBuilder<T> {
[INFO] [stdout]     |            ^^^ ---------------
[INFO] [stdout] help: consider borrowing here
[INFO] [stdout]     |
[INFO] [stdout] 302 |     let walkbuilder = WalkBuilder::new(&fs);
[INFO] [stdout]     |                                        +
[INFO] [stdout] 
[INFO] [stdout] 
[INFO] [stdout] error[E0308]: mismatched types
[INFO] [stdout]    --> walk/src/tests.rs:325:40
[INFO] [stdout]     |
[INFO] [stdout] 325 |     let walkbuilder = WalkBuilder::new(fs);
[INFO] [stdout]     |                       ---------------- ^^ expected `&_`, found `MockFS<'_>`
[INFO] [stdout]     |                       |
[INFO] [stdout]     |                       arguments to this function are incorrect
[INFO] [stdout]     |
[INFO] [stdout]     = note: expected reference `&_`
[INFO] [stdout]                   found struct `MockFS<'_>`
[INFO] [stdout] note: associated function defined here
[INFO] [stdout]    --> walk/src/walk.rs:48:12
[INFO] [stdout]     |
[INFO] [stdout] 48  |     pub fn new(file_system: &T) -> WalkBuilder<T> {
[INFO] [stdout]     |            ^^^ ---------------
[INFO] [stdout] help: consider borrowing here
[INFO] [stdout]     |
[INFO] [stdout] 325 |     let walkbuilder = WalkBuilder::new(&fs);
[INFO] [stdout]     |                                        +
[INFO] [stdout] 
[INFO] [stdout] 
[INFO] [stdout] error[E0308]: mismatched types
[INFO] [stdout]    --> walk/src/tests.rs:347:40
[INFO] [stdout]     |
[INFO] [stdout] 347 |     let walkbuilder = WalkBuilder::new(fs);
[INFO] [stdout]     |                       ---------------- ^^ expected `&_`, found `MockFS<'_>`
[INFO] [stdout]     |                       |
[INFO] [stdout]     |                       arguments to this function are incorrect
[INFO] [stdout]     |
[INFO] [stdout]     = note: expected reference `&_`
[INFO] [stdout]                   found struct `MockFS<'_>`
[INFO] [stdout] note: associated function defined here
[INFO] [stdout]    --> walk/src/walk.rs:48:12
[INFO] [stdout]     |
[INFO] [stdout] 48  |     pub fn new(file_system: &T) -> WalkBuilder<T> {
[INFO] [stdout]     |            ^^^ ---------------
[INFO] [stdout] help: consider borrowing here
[INFO] [stdout]     |
[INFO] [stdout] 347 |     let walkbuilder = WalkBuilder::new(&fs);
[INFO] [stdout]     |                                        +
[INFO] [stdout] 
[INFO] [stdout] 
[INFO] [stdout] error[E0308]: mismatched types
[INFO] [stdout]    --> walk/src/tests.rs:369:40
[INFO] [stdout]     |
[INFO] [stdout] 369 |     let walkbuilder = WalkBuilder::new(fs);
[INFO] [stdout]     |                       ---------------- ^^ expected `&_`, found `MockFS<'_>`
[INFO] [stdout]     |                       |
[INFO] [stdout]     |                       arguments to this function are incorrect
[INFO] [stdout]     |
[INFO] [stdout]     = note: expected reference `&_`
[INFO] [stdout]                   found struct `MockFS<'_>`
[INFO] [stdout] note: associated function defined here
[INFO] [stdout]    --> walk/src/walk.rs:48:12
[INFO] [stdout]     |
[INFO] [stdout] 48  |     pub fn new(file_system: &T) -> WalkBuilder<T> {
[INFO] [stdout]     |            ^^^ ---------------
[INFO] [stdout] help: consider borrowing here
[INFO] [stdout]     |
[INFO] [stdout] 369 |     let walkbuilder = WalkBuilder::new(&fs);
[INFO] [stdout]     |                                        +
[INFO] [stdout] 
[INFO] [stdout] 
[INFO] [stdout] error[E0308]: mismatched types
[INFO] [stdout]    --> walk/src/tests.rs:391:40
[INFO] [stdout]     |
[INFO] [stdout] 391 |     let walkbuilder = WalkBuilder::new(fs);
[INFO] [stdout]     |                       ---------------- ^^ expected `&_`, found `MockFS<'_>`
[INFO] [stdout]     |                       |
[INFO] [stdout]     |                       arguments to this function are incorrect
[INFO] [stdout]     |
[INFO] [stdout]     = note: expected reference `&_`
[INFO] [stdout]                   found struct `MockFS<'_>`
[INFO] [stdout] note: associated function defined here
[INFO] [stdout]    --> walk/src/walk.rs:48:12
[INFO] [stdout]     |
[INFO] [stdout] 48  |     pub fn new(file_system: &T) -> WalkBuilder<T> {
[INFO] [stdout]     |            ^^^ ---------------
[INFO] [stdout] help: consider borrowing here
[INFO] [stdout]     |
[INFO] [stdout] 391 |     let walkbuilder = WalkBuilder::new(&fs);
[INFO] [stdout]     |                                        +
[INFO] [stdout] 
[INFO] [stdout] 
[INFO] [stdout] error[E0308]: mismatched types
[INFO] [stdout]    --> walk/src/tests.rs:419:40
[INFO] [stdout]     |
[INFO] [stdout] 419 |     let walkbuilder = WalkBuilder::new(fs);
[INFO] [stdout]     |                       ---------------- ^^ expected `&_`, found `MockFS<'_>`
[INFO] [stdout]     |                       |
[INFO] [stdout]     |                       arguments to this function are incorrect
[INFO] [stdout]     |
[INFO] [stdout]     = note: expected reference `&_`
[INFO] [stdout]                   found struct `MockFS<'_>`
[INFO] [stdout] note: associated function defined here
[INFO] [stdout]    --> walk/src/walk.rs:48:12
[INFO] [stdout]     |
[INFO] [stdout] 48  |     pub fn new(file_system: &T) -> WalkBuilder<T> {
[INFO] [stdout]     |            ^^^ ---------------
[INFO] [stdout] help: consider borrowing here
[INFO] [stdout]     |
[INFO] [stdout] 419 |     let walkbuilder = WalkBuilder::new(&fs);
[INFO] [stdout]     |                                        +
[INFO] [stdout] 
[INFO] [stdout] 
[INFO] [stdout] error[E0308]: mismatched types
[INFO] [stdout]    --> walk/src/tests.rs:455:40
[INFO] [stdout]     |
[INFO] [stdout] 455 |     let walkbuilder = WalkBuilder::new(fs);
[INFO] [stdout]     |                       ---------------- ^^ expected `&_`, found `MockFS<'_>`
[INFO] [stdout]     |                       |
[INFO] [stdout]     |                       arguments to this function are incorrect
[INFO] [stdout]     |
[INFO] [stdout]     = note: expected reference `&_`
[INFO] [stdout]                   found struct `MockFS<'_>`
[INFO] [stdout] note: associated function defined here
[INFO] [stdout]    --> walk/src/walk.rs:48:12
[INFO] [stdout]     |
[INFO] [stdout] 48  |     pub fn new(file_system: &T) -> WalkBuilder<T> {
[INFO] [stdout]     |            ^^^ ---------------
[INFO] [stdout] help: consider borrowing here
[INFO] [stdout]     |
[INFO] [stdout] 455 |     let walkbuilder = WalkBuilder::new(&fs);
[INFO] [stdout]     |                                        +
[INFO] [stdout] 
[INFO] [stdout] 
[INFO] [stdout] error[E0308]: mismatched types
[INFO] [stdout]    --> walk/src/tests.rs:501:40
[INFO] [stdout]     |
[INFO] [stdout] 501 |     let walkbuilder = WalkBuilder::new(fs);
[INFO] [stdout]     |                       ---------------- ^^ expected `&_`, found `MockFS<'_>`
[INFO] [stdout]     |                       |
[INFO] [stdout]     |                       arguments to this function are incorrect
[INFO] [stdout]     |
[INFO] [stdout]     = note: expected reference `&_`
[INFO] [stdout]                   found struct `MockFS<'_>`
[INFO] [stdout] note: associated function defined here
[INFO] [stdout]    --> walk/src/walk.rs:48:12
[INFO] [stdout]     |
[INFO] [stdout] 48  |     pub fn new(file_system: &T) -> WalkBuilder<T> {
[INFO] [stdout]     |            ^^^ ---------------
[INFO] [stdout] help: consider borrowing here
[INFO] [stdout]     |
[INFO] [stdout] 501 |     let walkbuilder = WalkBuilder::new(&fs);
[INFO] [stdout]     |                                        +
[INFO] [stdout] 
[INFO] [stdout] 
[INFO] [stdout] error[E0308]: mismatched types
[INFO] [stdout]    --> walk/src/tests.rs:537:40
[INFO] [stdout]     |
[INFO] [stdout] 537 |     let walkbuilder = WalkBuilder::new(fs);
[INFO] [stdout]     |                       ---------------- ^^ expected `&_`, found `MockFS<'_>`
[INFO] [stdout]     |                       |
[INFO] [stdout]     |                       arguments to this function are incorrect
[INFO] [stdout]     |
[INFO] [stdout]     = note: expected reference `&_`
[INFO] [stdout]                   found struct `MockFS<'_>`
[INFO] [stdout] note: associated function defined here
[INFO] [stdout]    --> walk/src/walk.rs:48:12
[INFO] [stdout]     |
[INFO] [stdout] 48  |     pub fn new(file_system: &T) -> WalkBuilder<T> {
[INFO] [stdout]     |            ^^^ ---------------
[INFO] [stdout] help: consider borrowing here
[INFO] [stdout]     |
[INFO] [stdout] 537 |     let walkbuilder = WalkBuilder::new(&fs);
[INFO] [stdout]     |                                        +
[INFO] [stdout] 
[INFO] [stdout] 
[INFO] [stdout] error: aborting due to 10 previous errors; 1 warning emitted
[INFO] [stdout] 
[INFO] [stdout] 
[INFO] [stdout] For more information about this error, try `rustc --explain E0308`.
[INFO] [stdout] 
[INFO] [stderr] error: could not compile `walk` (lib test) due to 11 previous errors; 1 warning emitted
[INFO] [stderr] warning: build failed, waiting for other jobs to finish...
[INFO] running `Command { std: "docker" "inspect" "df72e7d5cc428ea3011ca7263d2245d8dafb94a4bf09035988e29083e151c898", kill_on_drop: false }`
[INFO] running `Command { std: "docker" "rm" "-f" "df72e7d5cc428ea3011ca7263d2245d8dafb94a4bf09035988e29083e151c898", kill_on_drop: false }`
[INFO] [stdout] df72e7d5cc428ea3011ca7263d2245d8dafb94a4bf09035988e29083e151c898
